{"id":18,"date":"2012-04-20T19:20:13","date_gmt":"2012-04-20T19:20:13","guid":{"rendered":"http:\/\/butcher.home.pl\/dyga-v2\/?page_id=18"},"modified":"2016-05-28T14:29:57","modified_gmt":"2016-05-28T14:29:57","slug":"oferta","status":"publish","type":"page","link":"https:\/\/www.dyga.pl\/index.php\/oferta\/","title":{"rendered":"Oferta &#8211; Galeria zdj\u0119\u0107"},"content":{"rendered":"<h2>Oferta<\/h2>\n<p>Nasze przedsi\u0119biorstwo oferuje Pa\u0144stwu nast\u0119puj\u0105ce produkty:<\/p>\n<p><a style=\"line-height: 1.5em;\" title=\"Bramy wjazdowe\" href=\"https:\/\/www.dyga.pl\/index.php\/oferta\/bramy-wjazdowe\/\" target=\"_blank\">Bramy wjazdowe<\/a>\u00a0(stalowe oraz aluminiowe)<\/p>\n<ul>\n<li>Skrzyd\u0142owe<\/li>\n<li>Przesuwne<\/li>\n<\/ul>\n<p>Bramy gara\u017cowe<\/p>\n<ul>\n<li><a href=\"https:\/\/www.dyga.pl\/index.php\/oferta\/bramy-uchylne\/\">Podnoszone<\/a><\/li>\n<li><a href=\"https:\/\/www.dyga.pl\/index.php\/oferta\/bramy-segmentowe\/\">Segmentowe<\/a> (przemys\u0142owe, gara\u017cowe)<\/li>\n<li><a href=\"https:\/\/www.dyga.pl\/index.php\/oferta\/bramy-rolowane\/\">Rolowane<\/a><\/li>\n<li>Przesuwne<\/li>\n<li><a href=\"https:\/\/www.dyga.pl\/index.php\/oferta\/bramy-uchylne\/\">Skrzyd\u0142owe<\/a><\/li>\n<\/ul>\n<p><a title=\"Balustrady\" href=\"https:\/\/www.dyga.pl\/index.php\/oferta\/balustrady\/\" target=\"_blank\">Balustrady<\/a><\/p>\n<ul>\n<li>Balkonowe<\/li>\n<li>Schodowe<\/li>\n<li>Por\u0119cze<\/li>\n<\/ul>\n<p><a title=\"Ogrodzenia\" href=\"https:\/\/www.dyga.pl\/index.php\/oferta\/ogrodzenia\/\" target=\"_blank\">Ogrodzenia<\/a>\u00a0(stalowe oraz aluminiowe)<\/p>\n<p><a href=\"https:\/\/www.dyga.pl\/index.php\/oferta\/automatyka-do-bram\/\" target=\"_blank\">Automatyka do bram<\/a><\/p>\n<p>Zabezpieczenia parking\u00f3w<\/p>\n<ul>\n<li>Szlabany<\/li>\n<li>S\u0142upki parkingowe<\/li>\n<\/ul>\n<p>Konstrukcje stalowe oraz aluminiowa<\/p>\n","protected":false},"excerpt":{"rendered":"<p>Oferta Nasze przedsi\u0119biorstwo oferuje Pa\u0144stwu nast\u0119puj\u0105ce produkty: Bramy wjazdowe\u00a0(stalowe oraz aluminiowe) Skrzyd\u0142owe Przesuwne Bramy gara\u017cowe Podnoszone Segmentowe (przemys\u0142owe, gara\u017cowe) Rolowane Przesuwne Skrzyd\u0142owe Balustrady Balkonowe Schodowe Por\u0119cze Ogrodzenia\u00a0(stalowe oraz aluminiowe) Automatyka do bram Zabezpieczenia parking\u00f3w Szlabany S\u0142upki parkingowe Konstrukcje stalowe oraz aluminiowa<\/p>\n","protected":false},"author":1,"featured_media":0,"parent":0,"menu_order":0,"comment_status":"open","ping_status":"open","template":"","meta":{"ngg_post_thumbnail":0},"yoast_head":"<!-- This site is optimized with the Yoast SEO plugin v15.8 - https:\/\/yoast.com\/wordpress\/plugins\/seo\/ -->\n<title>Oferta - Galeria zdj\u0119\u0107 - Bramy Dyga<\/title>\n<meta name=\"robots\" content=\"index, follow, max-snippet:-1, max-image-preview:large, max-video-preview:-1\" \/>\n<link rel=\"canonical\" href=\"https:\/\/www.dyga.pl\/index.php\/oferta\/\" \/>\n<meta property=\"og:locale\" content=\"pl_PL\" \/>\n<meta property=\"og:type\" content=\"article\" \/>\n<meta property=\"og:title\" content=\"Oferta - Galeria zdj\u0119\u0107 - Bramy Dyga\" \/>\n<meta property=\"og:description\" content=\"Oferta Nasze przedsi\u0119biorstwo oferuje Pa\u0144stwu nast\u0119puj\u0105ce produkty: Bramy wjazdowe\u00a0(stalowe oraz aluminiowe) Skrzyd\u0142owe Przesuwne Bramy gara\u017cowe Podnoszone Segmentowe (przemys\u0142owe, gara\u017cowe) Rolowane Przesuwne Skrzyd\u0142owe Balustrady Balkonowe Schodowe Por\u0119cze Ogrodzenia\u00a0(stalowe oraz aluminiowe) Automatyka do bram Zabezpieczenia parking\u00f3w Szlabany S\u0142upki parkingowe Konstrukcje stalowe oraz aluminiowa\" \/>\n<meta property=\"og:url\" content=\"https:\/\/www.dyga.pl\/index.php\/oferta\/\" \/>\n<meta property=\"og:site_name\" content=\"Bramy Dyga\" \/>\n<meta property=\"article:modified_time\" content=\"2016-05-28T14:29:57+00:00\" \/>\n<meta name=\"twitter:card\" content=\"summary_large_image\" \/>\n<script type=\"application\/ld+json\" class=\"yoast-schema-graph\">{\"@context\":\"https:\/\/schema.org\",\"@graph\":[{\"@type\":\"WebSite\",\"@id\":\"https:\/\/www.dyga.pl\/#website\",\"url\":\"https:\/\/www.dyga.pl\/\",\"name\":\"Bramy Dyga\",\"description\":\"Witamy na oficjalnej stronie firmy BRAMY DYGA. Od przesz\\u0142o 120 lat korzystaj\\u0105c z do\\u015bwiadczenia zdobytego przez ten czas zajmujemy si\\u0119 profesjonaln\\u0105 i kompleksow\\u0105 produkcj\\u0105 i monta\\u017cem ogrodze\\u0144, balustrad, bram i automatyki do bram.\",\"potentialAction\":[{\"@type\":\"SearchAction\",\"target\":\"https:\/\/www.dyga.pl\/?s={search_term_string}\",\"query-input\":\"required name=search_term_string\"}],\"inLanguage\":\"pl-PL\"},{\"@type\":\"WebPage\",\"@id\":\"https:\/\/www.dyga.pl\/index.php\/oferta\/#webpage\",\"url\":\"https:\/\/www.dyga.pl\/index.php\/oferta\/\",\"name\":\"Oferta - Galeria zdj\\u0119\\u0107 - Bramy Dyga\",\"isPartOf\":{\"@id\":\"https:\/\/www.dyga.pl\/#website\"},\"datePublished\":\"2012-04-20T19:20:13+00:00\",\"dateModified\":\"2016-05-28T14:29:57+00:00\",\"breadcrumb\":{\"@id\":\"https:\/\/www.dyga.pl\/index.php\/oferta\/#breadcrumb\"},\"inLanguage\":\"pl-PL\",\"potentialAction\":[{\"@type\":\"ReadAction\",\"target\":[\"https:\/\/www.dyga.pl\/index.php\/oferta\/\"]}]},{\"@type\":\"BreadcrumbList\",\"@id\":\"https:\/\/www.dyga.pl\/index.php\/oferta\/#breadcrumb\",\"itemListElement\":[{\"@type\":\"ListItem\",\"position\":1,\"item\":{\"@type\":\"WebPage\",\"@id\":\"https:\/\/www.dyga.pl\/\",\"url\":\"https:\/\/www.dyga.pl\/\",\"name\":\"Strona g\\u0142\\u00f3wna\"}},{\"@type\":\"ListItem\",\"position\":2,\"item\":{\"@type\":\"WebPage\",\"@id\":\"https:\/\/www.dyga.pl\/index.php\/oferta\/\",\"url\":\"https:\/\/www.dyga.pl\/index.php\/oferta\/\",\"name\":\"Oferta &#8211; Galeria zdj\\u0119\\u0107\"}}]}]}<\/script>\n<!-- \/ Yoast SEO plugin. -->","_links":{"self":[{"href":"https:\/\/www.dyga.pl\/index.php\/wp-json\/wp\/v2\/pages\/18"}],"collection":[{"href":"https:\/\/www.dyga.pl\/index.php\/wp-json\/wp\/v2\/pages"}],"about":[{"href":"https:\/\/www.dyga.pl\/index.php\/wp-json\/wp\/v2\/types\/page"}],"author":[{"embeddable":true,"href":"https:\/\/www.dyga.pl\/index.php\/wp-json\/wp\/v2\/users\/1"}],"replies":[{"embeddable":true,"href":"https:\/\/www.dyga.pl\/index.php\/wp-json\/wp\/v2\/comments?post=18"}],"version-history":[{"count":30,"href":"https:\/\/www.dyga.pl\/index.php\/wp-json\/wp\/v2\/pages\/18\/revisions"}],"predecessor-version":[{"id":948,"href":"https:\/\/www.dyga.pl\/index.php\/wp-json\/wp\/v2\/pages\/18\/revisions\/948"}],"wp:attachment":[{"href":"https:\/\/www.dyga.pl\/index.php\/wp-json\/wp\/v2\/media?parent=18"}],"curies":[{"name":"wp","href":"https:\/\/api.w.org\/{rel}","templated":true}]}}